{"id":2911,"date":"2016-09-07T07:51:11","date_gmt":"2016-09-07T07:51:11","guid":{"rendered":"http:\/\/demo.goodlayers.com\/realfactory\/?page_id=2911"},"modified":"2023-02-26T22:02:26","modified_gmt":"2023-02-26T22:02:26","slug":"strona-glowna","status":"publish","type":"page","link":"https:\/\/www.divingsupport.pl\/","title":{"rendered":"STRONA G\u0141\u00d3WNA"},"content":{"rendered":"","protected":false},"excerpt":{"rendered":"","protected":false},"author":1,"featured_media":0,"parent":0,"menu_order":0,"comment_status":"closed","ping_status":"closed","template":"","meta":{"footnotes":""},"yoast_head":"<!-- This site is optimized with the Yoast SEO plugin v21.5 - https:\/\/yoast.com\/wordpress\/plugins\/seo\/ -->\n<title>Diving Support | Wsparcie twojego sprz\u0119tu nurkowego<\/title>\n<meta name=\"description\" content=\"Naprawiamy i produkujemy sprz\u0119t dla wszystkich rodzaj\u00f3w nurk\u00f3w, \u017ceglarzy czy wodniak\u00f3w, kt\u00f3rzy chc\u0105 naprawi\u0107 sw\u00f3j sprz\u0119t.\" \/>\n<meta name=\"robots\" content=\"index, follow, max-snippet:-1, max-image-preview:large, max-video-preview:-1\" \/>\n<link rel=\"canonical\" href=\"https:\/\/www.divingsupport.pl\/\" \/>\n<meta property=\"og:locale\" content=\"pl_PL\" \/>\n<meta property=\"og:type\" content=\"article\" \/>\n<meta property=\"og:title\" content=\"Diving Support | Wsparcie twojego sprz\u0119tu nurkowego\" \/>\n<meta property=\"og:description\" content=\"Naprawiamy i produkujemy sprz\u0119t dla wszystkich rodzaj\u00f3w nurk\u00f3w, \u017ceglarzy czy wodniak\u00f3w, kt\u00f3rzy chc\u0105 naprawi\u0107 sw\u00f3j sprz\u0119t.\" \/>\n<meta property=\"og:url\" content=\"https:\/\/www.divingsupport.pl\/\" \/>\n<meta property=\"og:site_name\" content=\"Diving Support\" \/>\n<meta property=\"article:publisher\" content=\"https:\/\/www.facebook.com\/profile.php?id=100087857311552\" \/>\n<meta property=\"article:modified_time\" content=\"2023-02-26T22:02:26+00:00\" \/>\n<meta name=\"twitter:card\" content=\"summary_large_image\" \/>\n<script type=\"application\/ld+json\" class=\"yoast-schema-graph\">{\"@context\":\"https:\/\/schema.org\",\"@graph\":[{\"@type\":\"WebPage\",\"@id\":\"https:\/\/www.divingsupport.pl\/\",\"url\":\"https:\/\/www.divingsupport.pl\/\",\"name\":\"Diving Support | Wsparcie twojego sprz\u0119tu nurkowego\",\"isPartOf\":{\"@id\":\"https:\/\/www.divingsupport.pl\/#website\"},\"datePublished\":\"2016-09-07T07:51:11+00:00\",\"dateModified\":\"2023-02-26T22:02:26+00:00\",\"description\":\"Naprawiamy i produkujemy sprz\u0119t dla wszystkich rodzaj\u00f3w nurk\u00f3w, \u017ceglarzy czy wodniak\u00f3w, kt\u00f3rzy chc\u0105 naprawi\u0107 sw\u00f3j sprz\u0119t.\",\"breadcrumb\":{\"@id\":\"https:\/\/www.divingsupport.pl\/#breadcrumb\"},\"inLanguage\":\"pl-PL\",\"potentialAction\":[{\"@type\":\"ReadAction\",\"target\":[\"https:\/\/www.divingsupport.pl\/\"]}]},{\"@type\":\"BreadcrumbList\",\"@id\":\"https:\/\/www.divingsupport.pl\/#breadcrumb\",\"itemListElement\":[{\"@type\":\"ListItem\",\"position\":1,\"name\":\"Strona g\u0142\u00f3wna\",\"item\":\"https:\/\/www.divingsupport.pl\/\"},{\"@type\":\"ListItem\",\"position\":2,\"name\":\"STRONA G\u0141\u00d3WNA\"}]},{\"@type\":\"WebSite\",\"@id\":\"https:\/\/www.divingsupport.pl\/#website\",\"url\":\"https:\/\/www.divingsupport.pl\/\",\"name\":\"Diving Support\",\"description\":\"Wsparcie twojego sprz\u0119tu nurkowego \",\"publisher\":{\"@id\":\"https:\/\/www.divingsupport.pl\/#organization\"},\"potentialAction\":[{\"@type\":\"SearchAction\",\"target\":{\"@type\":\"EntryPoint\",\"urlTemplate\":\"https:\/\/www.divingsupport.pl\/?s={search_term_string}\"},\"query-input\":\"required name=search_term_string\"}],\"inLanguage\":\"pl-PL\"},{\"@type\":\"Organization\",\"@id\":\"https:\/\/www.divingsupport.pl\/#organization\",\"name\":\"Diving Support\",\"url\":\"https:\/\/www.divingsupport.pl\/\",\"logo\":{\"@type\":\"ImageObject\",\"inLanguage\":\"pl-PL\",\"@id\":\"https:\/\/www.divingsupport.pl\/#\/schema\/logo\/image\/\",\"url\":\"https:\/\/www.divingsupport.pl\/wp-content\/uploads\/2022\/12\/cropped-Diving-Support-1-1-e1670240022945.png\",\"contentUrl\":\"https:\/\/www.divingsupport.pl\/wp-content\/uploads\/2022\/12\/cropped-Diving-Support-1-1-e1670240022945.png\",\"width\":512,\"height\":512,\"caption\":\"Diving Support\"},\"image\":{\"@id\":\"https:\/\/www.divingsupport.pl\/#\/schema\/logo\/image\/\"},\"sameAs\":[\"https:\/\/www.facebook.com\/profile.php?id=100087857311552\"]}]}<\/script>\n<!-- \/ Yoast SEO plugin. -->","yoast_head_json":{"title":"Diving Support | Wsparcie twojego sprz\u0119tu nurkowego","description":"Naprawiamy i produkujemy sprz\u0119t dla wszystkich rodzaj\u00f3w nurk\u00f3w, \u017ceglarzy czy wodniak\u00f3w, kt\u00f3rzy chc\u0105 naprawi\u0107 sw\u00f3j sprz\u0119t.","robots":{"index":"index","follow":"follow","max-snippet":"max-snippet:-1","max-image-preview":"max-image-preview:large","max-video-preview":"max-video-preview:-1"},"canonical":"https:\/\/www.divingsupport.pl\/","og_locale":"pl_PL","og_type":"article","og_title":"Diving Support | Wsparcie twojego sprz\u0119tu nurkowego","og_description":"Naprawiamy i produkujemy sprz\u0119t dla wszystkich rodzaj\u00f3w nurk\u00f3w, \u017ceglarzy czy wodniak\u00f3w, kt\u00f3rzy chc\u0105 naprawi\u0107 sw\u00f3j sprz\u0119t.","og_url":"https:\/\/www.divingsupport.pl\/","og_site_name":"Diving Support","article_publisher":"https:\/\/www.facebook.com\/profile.php?id=100087857311552","article_modified_time":"2023-02-26T22:02:26+00:00","twitter_card":"summary_large_image","schema":{"@context":"https:\/\/schema.org","@graph":[{"@type":"WebPage","@id":"https:\/\/www.divingsupport.pl\/","url":"https:\/\/www.divingsupport.pl\/","name":"Diving Support | Wsparcie twojego sprz\u0119tu nurkowego","isPartOf":{"@id":"https:\/\/www.divingsupport.pl\/#website"},"datePublished":"2016-09-07T07:51:11+00:00","dateModified":"2023-02-26T22:02:26+00:00","description":"Naprawiamy i produkujemy sprz\u0119t dla wszystkich rodzaj\u00f3w nurk\u00f3w, \u017ceglarzy czy wodniak\u00f3w, kt\u00f3rzy chc\u0105 naprawi\u0107 sw\u00f3j sprz\u0119t.","breadcrumb":{"@id":"https:\/\/www.divingsupport.pl\/#breadcrumb"},"inLanguage":"pl-PL","potentialAction":[{"@type":"ReadAction","target":["https:\/\/www.divingsupport.pl\/"]}]},{"@type":"BreadcrumbList","@id":"https:\/\/www.divingsupport.pl\/#breadcrumb","itemListElement":[{"@type":"ListItem","position":1,"name":"Strona g\u0142\u00f3wna","item":"https:\/\/www.divingsupport.pl\/"},{"@type":"ListItem","position":2,"name":"STRONA G\u0141\u00d3WNA"}]},{"@type":"WebSite","@id":"https:\/\/www.divingsupport.pl\/#website","url":"https:\/\/www.divingsupport.pl\/","name":"Diving Support","description":"Wsparcie twojego sprz\u0119tu nurkowego ","publisher":{"@id":"https:\/\/www.divingsupport.pl\/#organization"},"potentialAction":[{"@type":"SearchAction","target":{"@type":"EntryPoint","urlTemplate":"https:\/\/www.divingsupport.pl\/?s={search_term_string}"},"query-input":"required name=search_term_string"}],"inLanguage":"pl-PL"},{"@type":"Organization","@id":"https:\/\/www.divingsupport.pl\/#organization","name":"Diving Support","url":"https:\/\/www.divingsupport.pl\/","logo":{"@type":"ImageObject","inLanguage":"pl-PL","@id":"https:\/\/www.divingsupport.pl\/#\/schema\/logo\/image\/","url":"https:\/\/www.divingsupport.pl\/wp-content\/uploads\/2022\/12\/cropped-Diving-Support-1-1-e1670240022945.png","contentUrl":"https:\/\/www.divingsupport.pl\/wp-content\/uploads\/2022\/12\/cropped-Diving-Support-1-1-e1670240022945.png","width":512,"height":512,"caption":"Diving Support"},"image":{"@id":"https:\/\/www.divingsupport.pl\/#\/schema\/logo\/image\/"},"sameAs":["https:\/\/www.facebook.com\/profile.php?id=100087857311552"]}]}},"_links":{"self":[{"href":"https:\/\/www.divingsupport.pl\/index.php\/wp-json\/wp\/v2\/pages\/2911"}],"collection":[{"href":"https:\/\/www.divingsupport.pl\/index.php\/wp-json\/wp\/v2\/pages"}],"about":[{"href":"https:\/\/www.divingsupport.pl\/index.php\/wp-json\/wp\/v2\/types\/page"}],"author":[{"embeddable":true,"href":"https:\/\/www.divingsupport.pl\/index.php\/wp-json\/wp\/v2\/users\/1"}],"replies":[{"embeddable":true,"href":"https:\/\/www.divingsupport.pl\/index.php\/wp-json\/wp\/v2\/comments?post=2911"}],"version-history":[{"count":4,"href":"https:\/\/www.divingsupport.pl\/index.php\/wp-json\/wp\/v2\/pages\/2911\/revisions"}],"predecessor-version":[{"id":4581,"href":"https:\/\/www.divingsupport.pl\/index.php\/wp-json\/wp\/v2\/pages\/2911\/revisions\/4581"}],"wp:attachment":[{"href":"https:\/\/www.divingsupport.pl\/index.php\/wp-json\/wp\/v2\/media?parent=2911"}],"curies":[{"name":"wp","href":"https:\/\/api.w.org\/{rel}","templated":true}]}}